 multiple of 42?
False
Is 104 a factor of 134056?
True
Is 386832 a multiple of 115?
False
Is 1588 a factor of 3187313?
False
Is 62 a factor of 14290752?
True
Is 88158 a multiple of 8?
False
Is 2264250 a multiple of 150?
True
Is 24 a factor of 1487238?
False
Does 6 divide 142212?
True
Is 3 a factor of 342220?
False
Is 113197 a multiple of 28?
False
Is 895 a factor of 2687685?
True
Is 321 a factor of 452931?
True
Is 261 a factor of 329121?
True
Is 10 a factor of 392196?
False
Is 35 a factor of 957810?
True
Does 235 divide 210795?
True
Is 10632168 a multiple of 6?
True
Does 21 divide 3906294?
True
Does 129 divide 5072?
False
Is 364068 a multiple of 12?
True
Is 636139 a multiple of 273?
False
Is 11 a factor of 78444?
False
Does 677 divide 386567?
True
Is 14 a factor of 2200702?
True
Is 275 a factor of 276375?
True
Does 294 divide 17124953?
False
Is 387 a factor of 339019?
False
Is 1581044 a multiple of 2?
True
Is 36 a factor of 95436?
True
Is 12 a factor of 1979574?
False
Is 74 a factor of 500159?
False
Does 55 divide 4460042?
False
Is 244 a factor of 151524?
True
Does 9 divide 361512?
True
Is 717780 a multiple of 35?
True
Is 41 a factor of 1214666?
True
Is 332784 a multiple of 18?
True
Does 10 divide 114195?
False
Does 15 divide 1536391?
False
Is 7 a factor of 1396220?
True
Does 48 divide 844281?
False
Is 9381 a multiple of 9?
False
Is 46504 a multiple of 8?
True
Is 2246616 a multiple of 54?
True
Does 21 divide 64785?
True
Is 99 a factor of 341352?
True
Is 1554 a factor of 1660323?
False
Does 3 divide 8562?
True
Does 522 divide 2955042?
True
Does 25 divide 9547623?
False
Is 413 a factor of 9518691?
False
Is 25 a factor of 205739?
False
Is 842894 a multiple of 13?
True
Is 110968 a multiple of 3?
False
Is 249 a factor of 958899?
True
Is 134 a factor of 286492?
True
Is 22497288 a multiple of 1342?
True
Does 2624 divide 4411601?
False
Is 11 a factor of 29766?
True
Is 40740 a multiple of 30?
True
Is 450 a factor of 238950?
True
Does 318 divide 35328?
False
Is 421229 a multiple of 10?
False
Is 40 a factor of 1640?
True
Is 1858632 a multiple of 988?
False
Does 1739 divide 3364965?
True
Is 15 a factor of 21170632?
False
Does 6 divide 265299?
False
Is 11 a factor of 339438?
True
Does 254 divide 1595120?
True
Is 41226 a multiple of 23?
False
Is 436 a factor of 159140?
True
Does 99 divide 5059395?
True
Does 16 divide 5712897?
False
Is 172 a factor of 3324?
False
Is 88511 a multiple of 8?
False
Is 20149 a multiple of 14?
False
Does 23 divide 116883?
False
Does 22 divide 131516?
True
Is 1006848 a multiple of 11?
False
Does 212 divide 17060252?
False
Is 334158 a multiple of 122?
True
Does 21 divide 1173045?
False
Is 35 a factor of 43890?
True
Does 465 divide 16049940?
True
Is 105 a factor of 950536?
False
Does 194 divide 109998?
True
Is 1010526 a multiple of 366?
True
Does 4 divide 4260340?
True
Is 3467592 a multiple of 210?
False
Is 80 a factor of 1127927?
False
Is 559287 a multiple of 51?
False
Is 5426851 a multiple of 92?
False
Is 110051 a multiple of 48?
False
Does 37 divide 6206639?
True
Is 14479 a multiple of 19?
False
Does 61 divide 44347?
True
Does 20 divide 457720?
True
Does 250 divide 1263250?
True
Is 6 a factor of 34749?
False
Is 83421 a multiple of 279?
True
Is 2355486 a multiple of 51?
True
Is 49 a factor of 3284520?
False
Does 9 divide 1097136?
True
Does 518 divide 100929?
False
Does 12 divide 103296?
True
Is 912199 a multiple of 4?
False
Is 574980 a multiple of 9?
False
Is 16 a factor of 78928?
True
Does 185 divide 1857328?
False
Does 79 divide 7964267?
False
Is 6619 a multiple of 16?
False
Is 112112 a multiple of 176?
True
Is 2245754 a multiple of 186?
False
Is 24257 a multiple of 13?
False
Does 81 divide 164997?
True
Is 202079 a multiple of 115?
False
Is 30104618 a multiple of 2284?
False
Does 264 divide 2290992?
True
Does 225 divide 147849?
False
Is 612260 a multiple of 20?
True
Is 35 a factor of 266280?
True
Is 451303 a multiple of 705?
False
Is 25 a factor of 54225?
True
Is 3186 a factor of 36469276?
False
Is 93280 a multiple of 212?
True
Is 28 a factor of 2435183?
False
Does 410 divide 433780?
True
Does 154 divide 59153?
False
Does 114 divide 1372874?
False
Is 378 a factor of 34398?
True
Does 155 divide 5630873?
False
Is 19 a factor of 2144478?
False
Does 860 divide 921060?
True
Does 533 divide 717204?
False
Is 76 a factor of 38710?
False
Is 11679186 a multiple of 38?
True
Does 3 divide 417935?
False
Is 11501090 a multiple of 72?
False
Does 117 divide 21294?
True
Is 616050 a multiple of 18?
True
Does 126 divide 829458?
True
Is 32 a factor of 1171200?
True
Does 29 divide 51006?
False
Is 501046 a multiple of 53?
False
Is 49 a factor of 25324?
False
Is 9985603 a multiple of 169?
False
Is 827514 a multiple of 62?
True
Is 9 a factor of 194823?
True
Is 28 a factor of 199416?
True
Is 395938 a multiple of 94?
False
Is 553283 a multiple of 27?
False
Is 1463176 a multiple of 13?
True
Does 110 divide 8887340?
True
Is 65 a factor of 41118?
False
Is 312720 a multiple of 15?
True
Does 8 divide 120738?
False
Is 6250020 a multiple of 21?
True
Is 23870 even?
True
Is 1840746 a multiple of 391?
False
Is 63 a factor of 324765?
True
Is 4 a factor of 372499?
False
Is 36 a factor of 163528?
False
Does 25 divide 26997?
False
Does 335 divide 185413?
False
Is 858429 a multiple of 7?
False
Is 13114487 a multiple of 412?
False
Is 262042 a multiple of 187?
False
Is 2253535 a multiple of 2?
False
Does 3 divide 524571?
True
Is 6553965 a multiple of 253?
True
Is 203 a factor of 2438245?
False
Is 9571 even?
False
Does 20 divide 35008?
False
Does 1971 divide 6863115?
False
Does 11 divide 76978?
True
Is 219736 a multiple of 19?
False
Is 264 a factor of 164472?
True
Does 654 divide 1870384?
False
Is 839062 a multiple of 17?
False
Is 9324702 a multiple of 80?
False
Is 5 a factor of 93435?
True
Is 21 a factor of 3285385?
False
Does 26 divide 173654?
True
Does 1345 divide 2256910?
True
Does 61 divide 4411773?
False
Is 40105 a multiple of 13?
True
Is 7 a factor of 2183559?
True
Is 47904 a multiple of 8?
True
Is 2464519 a multiple of 12?
False
Does 10 divide 6687510?
True
Is 790 a factor of 2962500?
True
Is 143362 a multiple of 15?
False
Is 439 a factor of 556213?
True
Is 29 a factor of 87667?
True
Is 16 a factor of 362912?
True
Does 837 divide 5996268?
True
Is 3891824 a multiple of 1103?
False
Is 2614260 a multiple of 51?
True
Is 4364350 a multiple of 382?
True
Does 343 divide 1256588?
False
Is 35 a factor of 58940?
True
Is 2 a factor of 141162?
True
Does 40 divide 14880?
True
Is 3 a factor of 265229?
False
Does 87 divide 435563?
False
Does 83 divide 261782?
True
Is 17 a factor of 400463?
False
Is 23 a factor of 112918?
False
Is 1056 a factor of 9691968?
True
Does 29 divide 107532?
True
Is 1313347 a multiple of 197?
False
Is 98 a factor of 7417620?
True
Is 1323120 a multiple of 5?
True
Does 242 divide 1713602?
True
Is 3819833 a multiple of 325?
False
Is 69252 a multiple of 10?
False
Is 109895 a multiple of 7?
False
Is 36 a factor of 852624?
True
Is 4 a factor of 22036?
True
Is 21560 a multiple of 55?
True
Is 77 a factor of 146006?
False
Does 14 divide 2637894?
True
Is 182104 a multiple of 104?
True
Does 61 divide 1268401?
False
Is 28051904 a multiple of 23?
True
Is 492032 even?
True
Is 5 a factor of 174540?
True
Is 2800150 a multiple of 275?
False
Is 2 a factor of 51725?
False
Is 58065 a multiple of 20?
False
Is 52250 a multiple of 63?
False
Is 257033 a multiple of 73?
True
Is 8 a factor of 57704?
True
Does 4 divide 96992?
True
Is 15 a factor of 18540?
True
Is 38 a factor of 303113?
False
Does 39 divide 51675?
True
Does 1800 divide 392400?
True
Is 58 a factor of 4458473?
False
Does 79 divide 121763?
False
Is 126621 a multiple of 265?
False
Is 350155 a multiple of 26?
False
Is 20 a factor of 53900?
True
Does 68 divide 147628?
True
Is 201249 a multiple of 348?
False
Does 168 divide 450867?
False
Is 552 a factor of 4126455?
False
Does 182 divide 190554?
True
Is 20 a factor of 1842826?
False
Does 829 divide 3571332?
True
Does 154 divide 119658?
True
Is 5429 a multiple of 9?
False
Is 3833508 a multiple of 971?
True
Is 121052 a multiple of 205?
False
Is 223110 a multiple of 5?
True
Is 2483 a factor of 25136101?
False
Does 30 divide 624300?
True
Is 182 a factor of 413633?
False
Is